en thousands digit of 69717?
6
What is the units digit of 16910?
0
What is the units digit of 22040?
0
What is the hundred thousands digit of 182503?
1
What is the thousands digit of 1227?
1
What is the tens digit of 1696?
9
What is the hundreds digit of 138086?
0
What is the units digit of 15461?
1
What is the thousands digit of 10791?
0
What is the tens digit of 302?
0
What is the hundreds digit of 846?
8
What is the units digit of 5046?
6
What is the hundreds digit of 734?
7
What is the tens digit of 90960?
6
What is the hundreds digit of 835?
8
What is the tens digit of 313?
1
What is the thousands digit of 2606?
2
What is the units digit of 72412?
2
What is the hundreds digit of 114?
1
What is the units digit of 14661?
1
What is the tens digit of 2621?
2
What is the ten thousands digit of 30208?
3
What is the thousands digit of 21243?
1
What is the tens digit of 12994?
9
What is the tens digit of 35067?
6
What is the hundreds digit of 1944?
9
What is the units digit of 1959?
9
What is the tens digit of 4595?
9
What is the thousands digit of 11301?
1
What is the tens digit of 15605?
0
What is the units digit of 78?
8
What is the tens digit of 3179?
7
What is the hundreds digit of 208?
2
What is the thousands digit of 7901?
7
What is the units digit of 552?
2
What is the thousands digit of 2868?
2
What is the tens digit of 16?
1
What is the thousands digit of 85444?
5
What is the thousands digit of 4475?
4
What is the hundreds digit of 340?
3
What is the ten thousands digit of 22853?
2
What is the hundreds digit of 311?
3
What is the hundreds digit of 652?
6
What is the thousands digit of 3593?
3
What is the hundred thousands digit of 149982?
1
What is the thousands digit of 11495?
1
What is the units digit of 339?
9
What is the hundreds digit of 75737?
7
What is the ten thousands digit of 23087?
2
What is the ten thousands digit of 22309?
2
What is the thousands digit of 1447?
1
What is the units digit of 823?
3
What is the hundreds digit of 33629?
6
What is the thousands digit of 11888?
1
What is the tens digit of 18325?
2
What is the tens digit of 45?
4
What is the tens digit of 1099?
9
What is the units digit of 3100?
0
What is the tens digit of 43952?
5
What is the thousands digit of 2198?
2
What is the ten thousands digit of 13606?
1
What is the ten thousands digit of 61345?
6
What is the tens digit of 38591?
9
What is the units digit of 13169?
9
What is the ten thousands digit of 44467?
4
What is the ten thousands digit of 20171?
2
What is the tens digit of 10563?
6
What is the units digit of 22810?
0
What is the units digit of 7940?
0
What is the units digit of 658?
8
What is the units digit of 4794?
4
What is the hundreds digit of 4350?
3
What is the tens digit of 4132?
3
What is the hundreds digit of 821?
8
What is the tens digit of 649?
4
What is the thousands digit of 14715?
4
What is the thousands digit of 47004?
7
What is the ten thousands digit of 38764?
3
What is the units digit of 1197?
7
What is the ten thousands digit of 20317?
2
What is the tens digit of 3117?
1
What is the ten thousands digit of 20464?
2
What is the thousands digit of 1233?
1
What is the units digit of 4?
4
What is the thousands digit of 69544?
9
What is the hundreds digit of 2900?
9
What is the units digit of 7516?
6
What is the units digit of 9921?
1
What is the tens digit of 4858?
5
What is the tens digit of 43016?
1
What is the hundreds digit of 112?
1
What is the thousands digit of 7649?
7
What is the tens digit of 657?
5
What is the thousands digit of 9587?
9
What is the tens digit of 318?
1
What is the hundreds digit of 108475?
4
What is the thousands digit of 1607?
1
What is the thousands digit of 10049?
0
What is the tens digit of 1366?
6
What is the ten thousands digit of 11409?
1
What is the tens digit of 33999?
9
What is the tens digit of 286?
8
What is the hundreds digit of 72418?
4
What is the tens digit of 1030?
3
What is the units digit of 1104?
4
What is the thousands digit of 1193?
1
What is the tens digit of 82379?
7
What is the tens digit of 784?
8
What is the tens digit of 69011?
1
What is the hundreds digit of 1214?
2
What is the thousands digit of 9246?
9
What is the units digit of 38?
8
What is the tens digit of 17386?
8
What is the tens digit of 2373?
7
What is the thousands digit of 1627?
1
What is the tens digit of 622?
2
What is the thousands digit of 2196?
2
What is the thousands digit of 62199?
2
What is the tens digit of 30480?
8
What is the hundreds digit of 78273?
2
What is the thousands digit of 15154?
5
What is the units digit of 43898?
8
What is the hundreds digit of 167350?
3
What is the tens digit of 648?
4
What is the thousands digit of 170550?
0
What is the ten thousands digit of 196411?
9
What is the thousands digit of 2955?
2
What is the tens digit of 2261?
6
What is the units digit of 2691?
1
What is the thousands digit of 48548?
8
What is the units digit of 108507?
7
What is the tens digit of 18511?
1
What is the units digit of 11766?
6
What is the tens digit of 17190?
9
What is the hundreds digit of 506?
5
What is the units digit of 6562?
2
What is the thousands digit of 145086?
5
What is the tens digit of 309?
0
What is the tens digit of 595?
9
What is the tens digit of 58658?
5
What is the hundreds digit of 316?
3
What is the thousands digit of 36643?
6
What is the thousands digit of 21618?
1
What is the thousands digit of 1884?
1
What is the tens digit of 6634?
3
What is the hundreds digit of 412?
4
What is the units digit of 4743?
3
What is the units digit of 63990?
0
What is the thousands digit of 8677?
8
What is the tens digit of 888?
8
What is the hundreds digit of 3263?
2
What is the thousands digit of 7688?
7
What is the thousands digit of 39390?
9
What is the tens digit of 9080?
8
What is the tens digit of 4003?
0
What is the thousands digit of 22374?
2
What is the units digit of 666?
6
What is the hundreds digit of 1304?
3
What is the hundreds digit of 114083?
0
What is the thousands digit of 2475?
2
What is the units digit of 37397?
7
What is the ten thousands digit of 59873?
5
What is the hundreds digit of 57659?
6
What is the units digit of 64169?
9
What is the tens digit of 787?
8
What is the hundreds digit of 86502?
5
What is the units digit of 139584?
4
What is the tens digit of 645?
4
What is the hundreds digit of 22140?
1
What is the tens digit of 808?
0
What is the tens digit of 2797?
9
What is the hundreds digit of 1521?
5
What is the units digit of 10848?
8
What is the units digit of 2729?
9
What is the tens digit of 154?
5
What is the tens digit of 1518?
1
What is the thousands digit of 28456?
8
What is the hundreds digit of 1144?
1
What is the thousands digit of 30874?
0
What is the tens digit of 691?
9
What is the units digit of 280?
0
What is the units digit of 1284?
4
What is the hundreds digit of 3936?
9
What is the units digit of 2197?
7
What is the units digit of 74?
4
What is the hundreds digit of 44776?
7
What is the tens digit of 1168?
6
What is the ten thousands digit of 14592?
1
What is the tens digit of 364?
6
What is the units digit of 34?
4
What is the hundreds digit of 136446?
4
What is the hundreds digit of 73211?
2
What is the units digit of 1041?
1
What is the tens digit of 97013?
1
What is the tens digit of 1364?
6
What is the thousands digit of 15575?
5
What is the thousands digit of 26452?
6
What is the units digit of 5098?
8
What is the tens digit of 12509?
0
What is the tens digit of 3640?
4
What is the hundreds digit of 968?
9
What is the thousands digit of 9336?
9
What is the units digit of 840?
0
What is the hundreds digit of 5311?
3
What is the units digit of 6662?
2
What is the ten thousands digit of 14120?
1
What is the hundreds digit of 7218?
2
What is the hundreds digit of 245?
2
What is the hundreds digit of 81597?
5
What is the units digit of 5115?
5
What is the units digit of 54082?
2
What is the units digit of 3148?
8
What is the units digit of 30202?
2
What is the hundreds digit of 1721?
7
What is the thousands digit of 164350?
4
What is the hundreds digit of 33858?
8
What is the hundreds digit of 8325?
3
What is the tens digit of 70789?
8
What is the tens digit of 697?
9
What is the thousands digit of 21204?
1
What is the units digit of 2692?
2